pose c*g = -2*z + 566, -5*g + 937 = -24*z + 21*z. List the prime factors of g.
2, 47
Suppose -5*b + 5 = 5*u, b - 8 = 3*b. Suppose 4*r - 4719 = u*m, -2*m - m - 9 = 0. List the prime factors of r.
2, 3, 7
What are the prime factors of (-7303232)/(-400) - (72/100)/9?
2, 3, 17, 179
Suppose 3*d + 4 = c - 3, -46 = -5*c + 4*d. Suppose 8*x + 686 = c*x. List the prime factors of x.
7
Suppose 32*r - 503005 - 686983 = 278140. List the prime factors of r.
3, 41, 373
Let q(c) = -3*c**2 - 3*c. Suppose t - 4*n - 17 = -5, 5*t + 4*n = 12. Let s be q(t). Let x = s + 146. What are the prime factors of x?
2, 43
Let f be ((0/3)/(-2))/1. Suppose -i - 3*i = -4*k + 1400, f = 3*i. List the prime factors of k.
2, 5, 7
Let n(c) = 3*c**2 + 2*c - 28. Let h(o) = -6*o**2 - 5*o + 56. Let g(q) = 4*h(q) + 9*n(q). List the prime factors of g(8).
2, 37
Let v(z) = 17*z - 7. Let l(r) = r - 1. Let a(n) = 18*l(n) - 2*v(n). Let w(d) = 65*d + 16. Let x(b) = 26*a(b) + 6*w(b). List the prime factors of x(-4).
2, 3
Suppose 0 = -5*m - 5, y - 6608 = -811*m + 812*m. What are the prime factors of y?
6607
Let q be 12 - (-2)/(3 + -2). Let v(n) = n**2 - 20*n + 11. Let d be v(q). Let t = 159 + d. List the prime factors of t.
2, 43
Let p be (-5 - -3)/((-2)/11). Let x(d) = -23*d + 26. Let m(q) = 36*q - 39. Let y(g) = 5*m(g) + 7*x(g). List the prime factors of y(p).
2, 7
List the prime factors of (5 + 9453)/((-115)/9 + 13).
3, 4729
Let q be 2/(6/56 - 2/8). What are the prime factors of 3/7 + (-1394)/q?
2, 5
List the prime factors of 1509860/220*(0 - -1).
6863
Let q = 49858 + -27542. List the prime factors of q.
2, 7, 797
Let m be (-294)/196*(-3 + 1). Let r(h) = 166*h**2 + 8*h - 24. What are the prime factors of r(m)?
2, 3, 83
Let l = 36248 + -19003. List the prime factors of l.
5, 3449
What are the prime factors of 2 + (-1)/(-1) - 148335/(220/(-20))?
2, 3, 281
List the prime factors of (14 - 15) + -2*8/4 + 10171.
2, 13, 17, 23
Let p(z) = -5*z + 37*z**2 - 58*z**2 - 18 + 28*z**2. List the prime factors of p(8).
2, 3, 5, 13
Let m(s) = s**2 - 6*s + 3. Let o be m(4). List the prime factors of 77 + (4 - (o - -6)).
2, 5
Suppose -2*y - y + 93 = 0. Suppose -3*j + 5*w = -y, 0 = -3*j + w + 13 - 2. Suppose z + 0*z = 2*f - 29, -j*f - 3*z = -25. List the prime factors of f.
2, 7
Suppose 4*h + 111 = 383. Let v = -61 + h. Let q = 109 - v. What are the prime factors of q?
2, 3, 17
Let x = 592 - 588. Suppose 4*p = s - 780, -x*p - 891 = -2*s + 665. List the prime factors of s.
2, 97
Let c(s) = 101*s**2 - 19*s - 206. What are the prime factors of c(-8)?
2, 5, 641
Let q = -555 - -807. Suppose 0 = x - q + 133. What are the prime factors of x?
7, 17
Let x(o) = 0*o + 4*o + 0*o + 48 + 3*o. Suppose 13*q - 417 = -261. List the prime factors of x(q).
2, 3, 11
Let k(x) be the first derivative of -x**4/2 + 19*x**3/3 - 2*x**2 + 28*x + 18. List the prime factors of k(8).
2, 47
Let o = 60 - 52. Let w(g) = -3*g + 18. Let b be w(17). Let k = o - b. List the prime factors of k.
41
Suppose 4*s + 4*f - 120798 - 55618 = 0, -3*f + 485184 = 11*s. What are the prime factors of s?
3, 13, 29
Let m(y) = 14*y + 4592. List the prime factors of m(-73).
2, 3, 5, 7, 17
List the prime factors of 46*6495/30 - -11.
2, 5, 997
Suppose 0 = -3*a + 5*b + 96442, -a - b + 21729 = -10405. List the prime factors of a.
3, 3571
Let l(n) = 15*n - 114. Let d(c) = -c**3 - 5*c**2 - 10*c + 4. Let w be d(-3). What are the prime factors of l(w)?
2, 3, 7
Let n = 796 - 1350. Let f = -10 - n. List the prime factors of f.
2, 17
Suppose 4*m - 2699 = 1053. Let f = -551 + m. What are the prime factors of f?
3, 43
Let t be 3666*(15/18 + 1/6). Suppose -3516 = -9*p + t. List the prime factors of p.
2, 3, 7, 19
Let s(z) = 23*z - 53 - z**2 - 67*z + 5*z**2 - 5*z**2 + 0*z**2. What are the prime factors of s(-20)?
7, 61
Suppose 391010 = 101*f - 334170. List the prime factors of f.
2, 5, 359
Let v(w) = -7917*w + 742. What are the prime factors of v(-2)?
2, 7, 37
Let c = -144 - -137. Let r(q) = 11*q**2 + 7*q - 4. What are the prime factors of r(c)?
2, 3
Let v = -1434 + 1990. Suppose -t + 212 + 129 = 0. Let a = v - t. What are the prime factors of a?
5, 43
Suppose 5*x = 0, 2221*l + x - 31980 = 2218*l. List the prime factors of l.
2, 5, 13, 41
Let q = 150 + -144. Suppose 3*z = -q*z + 108. Let j(k) = 12*k - 3. List the prime factors of j(z).
3, 47
Suppose 1444*r - 1404*r - 788680 = 0. List the prime factors of r.
19717
Suppose 2*k + 3234 - 13594 = 2*n, -4*n = 5*k - 25873. List the prime factors of k.
31, 167
Suppose d + 1383 - 5578 = 0. What are the prime factors of d?
5, 839
Let d(u) = u**2 + 7*u + 11. Let p be d(-4). Let r = p - -4. Suppose -9 = j - 4*j, -3*l = -r*j. List the prime factors of l.
3
Let o(h) = h**3 + 48*h**2 + 34*h + 273. List the prime factors of o(-47).
2, 13, 17
Let y be -25 + 81/(-18)*6/(-27). Let c(n) = n**2 + 7*n + 102. List the prime factors of c(y).
2, 3, 5, 17
Suppose -2*k - 2*w - 476 = 2*k, 3*k + 357 = -3*w. List the prime factors of 136 - ((-1)/(-7) - (-17)/k).
2, 17
Let g = -81 - -84. List the prime factors of (-2 - -1 - -6*19)*g.
3, 113
Let g(m) = -2*m**2 + 5*m**2 - 9*m**2 + 3*m**2 + m**2 + m - 791*m**3. List the prime factors of g(-1).
2, 197
Suppose -26*n + 12*n + 90608 = 0. List the prime factors of n.
2, 809
Let m = 65 - 63. Suppose -m*z - 4802 = -2*a, 4*z - 6150 = -3*a + 1032. What are the prime factors of 14/(-63) + a/18?
7, 19
Suppose 0 = -3*r + 20 + 7. Suppose 8*k = r*k - 3. Suppose 132 - 30 = k*p. What are the prime factors of p?
2, 17
Suppose -5*g + 5*s = -240220, 0 = g + 2*s - 75221 + 27192. What are the prime factors of g?
3, 67, 239
Let g(n) = n**3 - 15*n**2 + 12*n + 33. Let x be g(14). Suppose 1200 = 5*w + a, -10*a = -x*w - 9*a + 1210. What are the prime factors of w?
241
Suppose -16851*i + 261000 = -16822*i. What are the prime factors of i?
2, 3, 5
Let w(p) = 4344*p**2 - 522*p - 1577. What are the prime factors of w(-3)?
5, 7817
Suppose 15 = 2*n + n. Suppose 2*p = k + 5, n*p + 5*k - 35 = -0*k. Suppose -4*q + 424 = 4*w, -p*w + 112 = q - 0*q. What are the prime factors of q?
2, 13
Let z(r) = -18*r - 5*r + 11 - 6*r - 2*r. Let d be z(-7). Suppose 4*v + 3*k = d, -3*k + 2*k - 285 = -5*v. List the prime factors of v.
3, 19
Let b(q) = -11*q**3 - 3*q**2 - 98*q + 4. List the prime factors of b(-6).
2, 5, 11, 13
Suppose -2*y + 4*d = -27745 + 8817, d - 28357 = -3*y. What are the prime factors of y?
2, 29, 163
Suppose 2*c = -5*p + 2417, c + 3*p - 1766 = -556. List the prime factors of c.
1201
Let d = 28 + -84. Let y be ((1/2)/(-1))/(7/d). Suppose -380 - 40 = -y*b. What are the prime factors of b?
3, 5, 7
Let a be (2/((18/(-28))/9))/(-2). Suppose a*m - 2235 = 9*m. Let o = m + -317. List the prime factors of o.
2, 5, 13
Let s(a) = -44*a - 7. Let l be s(-1). Let d = l + -25. Suppose 13*v = d*v + 119. List the prime factors of v.
7, 17
Suppose p + 3*p - 3*i - 33 = 0, -5*p + 42 = -4*i. Let h be (p + -4)*-2*(-211)/(-4). Let b = -80 - h. What are the prime factors of b?
131
Let n(p) = -64*p**3 + 4*p**2 + 38*p - 3. What are the prime factors of n(-5)?
7907
Let d(x) = 57*x - 25. Suppose 0 = -w - w - 160. Let p = 84 + w. List the prime factors of d(p).
7, 29
Let r = -28 - -57. Suppose -4*j + r = 3*p, -2*p - 14 = -0*p - 4*j. Suppose -b = 5*v + b - 457, 0 = 2*v + p*b - 174. What are the prime factors of v?
3, 31
Let u(f) = -3*f - 5. Let v be u(-4). Suppose -11*o = -v*o. Suppose -y + o*y = -131. List the prime factors of y.
131
Let g(s) = 6*s + 5. Let o be g(-2). Let r be (-3 - o)/(0 + -1). List the prime factors of 20/(-40) - 266/r.
2, 3, 11
Let z be 12/9 - (-5 + (-16)/(-3)). What are the prime factors of (2 + 116/(-8))/(z/(-26))?
5, 13
Suppose 3*i = -71 + 80. Let h = -445 + 643. Suppose h = i*m - m. What are the prime factors of m?
3, 11
Let c = 112 + -53. Let v = -36 + c. What are the prime factors of v?
23
Let c(d) = 1264*d**2 - 40*d + 12. List the prime factors of c(4).
2, 3, 7, 239
Suppose -4618603 - 857615 = -66*g. List the prime factors of g.
11, 19, 397
Let n be 10 + -15 + (-6 - -14). Suppose 3*b - 15 = -0*b. What are the prime factors of (((-3)/1)/n)/(b/(-745))?
149
Let c = -13654 + 17622. What are the prime factors of c?
2, 31
Let r be 21/(-28) - 23/(-4). Suppose -4*x = 3*m - 15, r*m - 3*x - 37 = -12. Suppose -m*p = -115 - 75. List the prime factors of 